et z be (-55)/15 - (-2)/3. Let f = 182 + z. What are the prime factors of f?
179
Let w(n) = 429*n - 624. What are the prime factors of w(7)?
3, 13, 61
Let x(n) = 3*n**2 + 32*n - 3. Let t(a) = a**2 + 11*a - 1. Let p(m) = -8*t(m) + 3*x(m). List the prime factors of p(8).
127
Let m(k) = -k**3 - 2*k**2 - 2*k - 15. Let h be m(-3). Suppose -2*g + 155 = -i, 5*g - 371 = -h*g - 3*i. List the prime factors of g.
2, 19
Let z(s) = -7*s**3 + 8*s**2 + 5*s - 127. Let w(u) = 13*u**3 - 15*u**2 - 9*u + 253. Let k(o) = 6*w(o) + 11*z(o). What are the prime factors of k(0)?
11
Let g be (-2 - -4) + 0 + 3. Suppose g*d - 3*d + 36 = 0. List the prime factors of (-76)/d + 4/(-18).
2
Let b(m) = m**3 - m**2 + m + 1. Let g be b(0). Suppose g = -j + 7. Suppose 0 = -h + j*h - 240. What are the prime factors of h?
2, 3
Let m = 177 + -349. Let r = -72 - m. What are the prime factors of r?
2, 5
Suppose 0 = b + h + 2, 3*b + 3*h = 2*b - 12. Suppose -b*p = -3*z - 240, 3*z = -4*p + 210 + 124. What are the prime factors of p?
2, 41
Let c(l) = l - 13. Let m be c(9). Let g be ((-3)/(-2))/(m/(-8)). Suppose -5*u - g*a + 80 = -a, 4*u - 2*a = 64. List the prime factors of u.
2
Let i = 778 - -243. List the prime factors of i.
1021
Suppose -v - 2 + 24 = 0. Let m be 1 + v*20/8. Suppose -x + m = x. What are the prime factors of x?
2, 7
Suppose 4*p + 1134 = 2*j - 122, -1240 = -2*j - 4*p. List the prime factors of j.
2, 3, 13
Suppose -4*z + n = -1848, 6*n - 1373 = -3*z + 10*n. List the prime factors of z.
463
List the prime factors of 178 - 14/(10/5).
3, 19
Suppose -3*o + 5*u + 8607 = 2*u, -2*o - 4*u = -5738. List the prime factors of o.
19, 151
Let j(z) = -9 - 17*z + 44*z - 41 + 2*z. What are the prime factors of j(7)?
3, 17
Let q be (4/(-10))/1 - (-1446)/15. Let u = 22 + q. What are the prime factors of u?
2, 59
Let i(k) = 2 + 5*k - k + 13 - 3*k. Let w be i(-13). List the prime factors of w/8*172/1.
43
Let v(d) = d**2 - 6*d - 9. Let o(z) = -7*z**2 + 1. Let x be o(1). What are the prime factors of v(x)?
3, 7
Let s be (-3)/(-2)*((4 - -91) + -7). Suppose 0 = -2*w + 3*w + 3*a - s, -5*w + 641 = -4*a. List the prime factors of w.
3, 43
Suppose -9*a - 216 = -5*a. List the prime factors of (-8)/(-4) - 1 - a.
5, 11
Let o(u) = u**2 + u - 22. Let j be o(-18). Suppose -4*h = -2*h - j. Suppose 0*t - 2*d + h = 3*t, 0 = 3*d + 3. What are the prime factors of t?
2, 3
Suppose 106*g - 104*g - 40 = 0. List the prime factors of 105/(-28)*g/(-3).
5
Let h be 3 - 8/6*3. Let b = h + 0. What are the prime factors of (-3 - 2/b)*-6?
2, 3
Let g(v) = v**2 + 20 + 27 - 37 + v. What are the prime factors of g(7)?
2, 3, 11
Suppose -2*r + 2*v = -4434, -2*v = 1 + 5. List the prime factors of r.
2, 3, 41
Suppose c + c - 2 = -4*q, 5*q - 5*c - 25 = 0. Suppose t - 2 = -t + 3*l, -q*l = 0. Let p = 9 - t. List the prime factors of p.
2
Suppose -b = -2*p + 244, 3*p = b - 29 + 397. Suppose 2*d + p = 3*a, -2*d = 3*a - 5*d - 126. What are the prime factors of ((-32)/a)/(2/(-5))?
2
Let z = -24 + 28. Let u = -11 + -897. List the prime factors of z/16 + u/(-16).
3, 19
What are the prime factors of 1608/(-20)*((6 - 8) + -3)?
2, 3, 67
Let g(u) = -u**2 - 16*u - 7. Let w be g(-16). Let j be w*(-10)/(6/3). Suppose -2*h - 3*v + j = -44, -v + 85 = 2*h. List the prime factors of h.
2, 11
What are the prime factors of ((-366)/8)/((-18)/96)?
2, 61
Suppose 141 = 2*d + d. Suppose -d - 13 = -5*a. Suppose -w - a = -35. What are the prime factors of w?
23
Suppose -5*m + 3*i - 1767 = -7*m, 3*m - i - 2678 = 0. List the prime factors of m.
3, 11
Let y(p) = -15*p - 27. Let t = 0 + -5. What are the prime factors of y(t)?
2, 3
Let i(d) = d**3 - 6*d**2 - 28*d + 12. Let g be i(9). Suppose -5*s + 25 = o, 4*o - g*s = -54 + 200. What are the prime factors of o?
5, 7
Let n(v) = -v**2 - 9*v - 8. Let x be n(-8). Suppose x = c + 2 - 0, -q + 3*c + 245 = 0. What are the prime factors of q?
239
Let i(s) = s**3. Let v(o) = 7*o**3 + 2*o**2 + 2*o - 2. Let p(t) = -2*i(t) + v(t). List the prime factors of p(2).
2, 5
Suppose -3*i + 7 - 1 = 0. Suppose 3*y = -1 - i. What are the prime factors of (0 - 4 - 44)*y?
2, 3
Let m(b) = b**3 - 15*b**2 - 15*b + 16. Let w(t) be the first derivative of t**4/4 - t**3/3 + 10. Let u(n) = m(n) - 2*w(n). List the prime factors of u(-12).
2, 13
Let l(u) = 15*u - 5. Let s(h) = 16*h - 6. Let k(p) = -5*l(p) + 4*s(p). What are the prime factors of k(-1)?
2, 3
Let r be 63/28*(2 + 6). Suppose -j = 2*g + 8, -j + 2*j + r = -4*g. Suppose -j*q = 3*q - 170. What are the prime factors of q?
2, 17
Suppose -6*t + 825 = -1281. List the prime factors of t.
3, 13
Suppose -8*z + 9349 = -619. What are the prime factors of z?
2, 7, 89
Let q(l) = 8*l**2 + 14*l - 38. List the prime factors of q(11).
2, 271
Suppose -10*j = -12*j - 5*s + 370, -2*s = -j + 167. What are the prime factors of j?
5, 7
Let f be 34 + ((-48)/(-3))/4. Suppose 4*a = 5*g - 162, 4*g + a - f = 79. What are the prime factors of g?
2, 3, 5
Let d be 2*(0 + (1 - -8)). Suppose 75*b - 12 = 69*b. Suppose -3*f + d = -b*f. What are the prime factors of f?
2, 3
Let a(l) = 821*l**2 - 8*l + 10. What are the prime factors of a(2)?
2, 11, 149
Suppose 59*y = 54*y + 2215. What are the prime factors of y?
443
Suppose -2*q = -5*p + 513, -2*p = 5*q - 3*p + 1271. Let n = -114 - q. Let s = -84 + n. What are the prime factors of s?
2, 7
Let g be 20/(-9) + 8/36. What are the prime factors of g + 3/((-3)/(-14))?
2, 3
Let c(a) = 3*a**2 - 4*a - 7. What are the prime factors of c(7)?
2, 7
Let y(r) = 66*r + 17. List the prime factors of y(5).
347
Let x be (9/6)/(0 + 6/16). Let d(n) = 13*n - 1. What are the prime factors of d(x)?
3, 17
Let q(y) = 4*y + 2. Let w be q(1). Suppose 51 = -w*z + 963. List the prime factors of z.
2, 19
Suppose -4*k + 84 + 39 = j, -j = 3*k - 118. What are the prime factors of j?
103
Let b = 1066 - -272. What are the prime factors of b?
2, 3, 223
Let v = 23 + -12. Let x be ((-336)/(-60) + -5)/((-2)/(-20)). Suppose 9*p = v*p - x. What are the prime factors of p?
3
Suppose -7*r + 2127 + 708 = 0. List the prime factors of r.
3, 5
Let z = -106 - -1859. What are the prime factors of z?
1753
Let w = -13 + 13. Suppose -3*p + 16 = b - w*b, -5*p + 25 = 2*b. Let d = 23 + p. List the prime factors of d.
2, 3, 5
Let s = 2179 + -1207. What are the prime factors of s?
2, 3
List the prime factors of 5936/8 + 8/2.
2, 373
Let q = -149 - -208. Let t = -53 + q. List the prime factors of t.
2, 3
Let a(q) = -4*q**3 + 3*q**2 + q - 4. Let h be 1/9 + 247/(-117). What are the prime factors of a(h)?
2, 19
Let v be (-19)/(-2)*(-2)/(-1). Suppose 5*d - 5*t + 65 = 0, d + t + 13 = -4*t. Let q = v + d. List the prime factors of q.
2, 3
Let s be (4/(-2))/1 + 8. Let t be 6 - (3 + -5 + s). Suppose 5 = b, -3*l + 215 = t*l + 5*b. What are the prime factors of l?
2, 19
Let w(r) = -r**3 + 8*r**2 + 8*r + 10. Let q be w(9). What are the prime factors of 31 + -1 + q - (8 + -8)?
31
Suppose -69*i + 64*i + 145 = 2*x, 4*x - 350 = 2*i. List the prime factors of x.
5, 17
Let n = 122 - -2353. Suppose 0 = 2*g - 13*g + n. What are the prime factors of g?
3, 5
Let f(t) = 27*t**2 - 4*t + 5. Let u be f(3). Suppose -b - u = 4*a - 746, b = -3*a + 383. What are the prime factors of a?
127
Let m be ((-984)/(-36))/(1/(-3)). Let g = 149 + m. What are the prime factors of g?
67
Suppose -60 = -0*n + 6*n. Let u(v) = v**3 + 10*v**2 - 12*v + 6. What are the prime factors of u(n)?
2, 3, 7
Let f(k) = k - 18. Let t(o) = o - 18. Let g(z) = 4*f(z) - 3*t(z). Let r be g(0). List the prime factors of (r/4)/(5/(-10)).
3
Suppose 0 = -3*m - 488 + 3329. What are the prime factors of m?
947
Let u(y) be the second derivative of y**4/12 + y**3 + 3*y**2 + 5*y. Let a be u(-3). List the prime factors of (-105)/a*8/10.
2, 7
Let l(o) = -101*o - 154. What are the prime factors of l(-16)?
2, 17, 43
Let g = 1558 - 800. List the prime factors of g.
2, 379
Suppose o + 5 = 6*o. Let h be 6 - (1 - (-1)/o). Suppose -3*j + 2*y = -27, -3*y + 5 + h = j. What are the prime factors of j?
3
What are the prime factors of 876/2*6*25/60?
3, 5, 73
Let q = 13 - 16. Let r be 4 - q - -3 - 0. Let n(x) = 2*x**2 - 17*x - 10. List the prime factors of n(r).
2, 5
Suppose 7 = 4*u - 3*k, k + 3*k = 4*u - 8. Let n be u/(-2) - 3/(-6). What are the prime factors of 1/(3/63 + n)?
3, 7
Let v(o) = -o + 3. Let b be v(-2